s divided by 25516?
97
What is the remainder when 35199033 is divided by 4640?
4633
What is the remainder when 437467 is divided by 437439?
28
What is the remainder when 298544 is divided by 155?
14
What is the remainder when 47122 is divided by 1622?
84
Calculate the remainder when 265799 is divided by 88537.
188
What is the remainder when 196193905 is divided by 25?
5
Calculate the remainder when 427217 is divided by 71169.
203
What is the remainder when 2165196 is divided by 541257?
168
Calculate the remainder when 767189078 is divided by 1480.
1478
What is the remainder when 5431939 is divided by 50?
39
What is the remainder when 17564382 is divided by 110?
22
What is the remainder when 207062 is divided by 103447?
168
Calculate the remainder when 85891 is divided by 154.
113
Calculate the remainder when 92761895 is divided by 70.
65
What is the remainder when 166636148 is divided by 575?
573
What is the remainder when 178507 is divided by 697?
75
Calculate the remainder when 2448518 is divided by 26.
20
What is the remainder when 766946 is divided by 127823?
8
What is the remainder when 14386 is divided by 4686?
328
Calculate the remainder when 111976478 is divided by 157.
153
What is the remainder when 487778 is divided by 92?
86
What is the remainder when 511104450 is divided by 18?
12
Calculate the remainder when 80584844 is divided by 15.
14
Calculate the remainder when 2289990 is divided by 381661.
24
Calculate the remainder when 259670878 is divided by 21.
19
What is the remainder when 2009434 is divided by 1171?
1169
Calculate the remainder when 3103890 is divided by 1018.
8
Calculate the remainder when 508956187 is divided by 115.
112
What is the remainder when 51748161 is divided by 3207?
9
What is the remainder when 8881361 is divided by 20606?
175
Calculate the remainder when 13326150 is divided by 6663075.
0
What is the remainder when 1236506 is divided by 112406?
40
Calculate the remainder when 136429 is divided by 89.
81
What is the remainder when 978900 is divided by 8512?
20
Calculate the remainder when 42872072 is divided by 501.
500
Calculate the remainder when 133803368 is divided by 93.
83
Calculate the remainder when 1412030 is divided by 726.
686
What is the remainder when 1306698 is divided by 17899?
71
Calculate the remainder when 38494734 is divided by 599.
598
Calculate the remainder when 634367 is divided by 179.
170
What is the remainder when 538633 is divided by 2383?
75
What is the remainder when 56519 is divided by 852?
287
Calculate the remainder when 186559 is divided by 185536.
1023
Calculate the remainder when 42778061 is divided by 144.
125
What is the remainder when 13056959 is divided by 1740?
1739
What is the remainder when 15796983 is divided by 52?
7
Calculate the remainder when 2145438 is divided by 107.
88
What is the remainder when 1378477 is divided by 396?
1
What is the remainder when 5762311 is divided by 128?
7
Calculate the remainder when 26783 is divided by 1596.
1247
What is the remainder when 117970 is divided by 124?
46
Calculate the remainder when 51560 is divided by 6329.
928
What is the remainder when 635453 is divided by 8662?
3127
What is the remainder when 18088783 is divided by 3861?
3859
Calculate the remainder when 7543741 is divided by 638.
29
What is the remainder when 11064789 is divided by 81358?
101
What is the remainder when 29050433 is divided by 164?
129
What is the remainder when 197643525 is divided by 307?
302
What is the remainder when 258697307 is divided by 9?
2
What is the remainder when 55787 is divided by 27634?
519
Calculate the remainder when 2278288 is divided by 84376.
136
Calculate the remainder when 27996807 is divided by 491.
478
What is the remainder when 2031971 is divided by 8873?
54
Calculate the remainder when 314576 is divided by 971.
943
What is the remainder when 41555 is divided by 200?
155
Calculate the remainder when 741374 is divided by 741351.
23
What is the remainder when 231572 is divided by 1137?
761
Calculate the remainder when 230730 is divided by 1001.
500
What is the remainder when 1005878871 is divided by 169?
166
Calculate the remainder when 469146 is divided by 469144.
2
Calculate the remainder when 30259 is divided by 7543.
87
What is the remainder when 7422857 is divided by 7422795?
62
Calculate the remainder when 352858677 is divided by 120.
117
What is the remainder when 572371 is divided by 2067?
1879
Calculate the remainder when 3808510 is divided by 58.
56
What is the remainder when 131159 is divided by 2923?
2547
Calculate the remainder when 110053 is divided by 36512.
517
Calculate the remainder when 7395658 is divided by 194.
184
What is the remainder when 257163 is divided by 85620?
303
What is the remainder when 501760 is divided by 124628?
3248
What is the remainder when 18905281 is divided by 95?
91
What is the remainder when 77255330 is divided by 11?
9
What is the remainder when 361617 is divided by 13165?
6162
Calculate the remainder when 37925098 is divided by 183.
178
What is the remainder when 265935 is divided by 132084?
1767
Calculate the remainder when 13722805 is divided by 34.
31
Calculate the remainder when 15480483 is divided by 227654.
11
Calculate the remainder when 49339 is divided by 739.
565
What is the remainder when 75516 is divided by 2901?
90
What is the remainder when 202080 is divided by 2296?
32
What is the remainder when 175896 is divided by 1573?
1293
Calculate the remainder when 1232903 is divided by 2511.
2
Calculate the remainder when 79515 is divided by 1325.
15
What is the remainder when 12064478 is divided by 915?
203
Calculate the remainder when 50263 is divided by 14460.
6883
What is the remainder when 1484898 is divided by 370977?
990
What is the remainder when 1446171 is divided by 53550?
321
What is the remainder when 39223 is divided by 18?
1
What is the remainder when 406797014 is divided by 4228?
4222
Calculate the remainder when 4379654 is divided by 1855.
1854
Calculate the remainder when 356934 is divided by 247.
19
Calculate the remainder when 245878 is divided by 81635.
973
What is the remainder when 485766 is divided by 161905?
51
What is the remainder when 18041 is divided by 4543?
4412
What is the remainder when 1777789 is divided by 351?
325
Calculate the remainder when 10838 is divided by 2214.
1982
Calculate the remainder when 2969239 is divided by 371153.
15
What is the remainder when 6713360 is divided by 1171?
17
What is the remainder when 466594147 is divided by 11?
8
Calculate the remainder when 556233 is divided by 1078.
1063
Calculate the remainder when 481287 is divided by 1026.
93
What is the remainder when 56506162 is divided by 22?
20
What is the remainder when 4107843 is divided by 1026959?
7
What is the remainder when 6034185 is divided by 534?
519
Calculate the remainder when 120356 is divided by 2186.
126
What is the remainder when 56989 is divided by 2985?
274
Calculate the remainder when 23409842 is divided by 62.
6
What is the remainder when 7013744 is divided by 15?
14
Calculate the remainder when 83029 is divided by 1398.
547
Calculate the remainder when 98557304 is divided by 385.
384
What is the remainder when 16809486 is divided by 933860?
6
What is the remainder when 23113054 is divided by 426?
424
What is the remainder when 9199 is divided by 1259?
386
Calculate the remainder when 47753567 is divided by 68.
23
Calculate the remainder when 17446 is divided by 5102.
2140
Calculate the remainder when 4790276 is divided by 4620.
3956
Calculate the remainder when 86036941 is divided by 191619.
10
Calculate the remainder when 11147040 is divided by 45313.
42
What is the remainder when 175389 is divided by 87643?
103
Calculate the remainder when 1306544 is divided by 5781.
38
Calculate the remainder when 26688281 is divided by 48.
41
Calculate the remainder when 945678 is divided by 1212.
318
What is the remainder when 17515632 is divided by 3503123?
17
What is the remainder when 582027683 is divided by 14?
13
Calculate the remainder when 132511 is divided by 9168.
4159
Calculate the remainder when 315781 is divided by 105083.
532
Calculate the remainder when 33168 is divided by 16551.
66
Calculate the remainder when 4379051 is divided by 4051.